 4*o. Let t(g) = o*u(g) + 5*q(g). What is the remainder when 16 is divided by t(11)?
3
Calculate the remainder when (-49)/((-10976)/480270) + 1/(-16) is divided by 65.
64
Let d be (15 + -6)*(-1 + 2 + -4). Let v = -33 - d. Let i(w) = w**2 + 3*w - 3. What is the remainder when i(v) is divided by 8?
7
Calculate the remainder when 4615 is divided by 3/(10 - (-187)/(-19)).
17
Suppose 73 + 95 = -4*s. Let l = s - -47. What is the remainder when l is divided by (-4)/8 + (-10)/(-4)?
1
Let b = 4817 + -4486. What is the remainder when b is divided by 147?
37
Suppose -16*d - 31620 = -36*d. Suppose x - 198 = -s + 588, 0 = -2*s + x + d. What is the remainder when s is divided by 88?
85
Let c be -7*-3*128/28. Suppose 4*b + 5*k = 124, -4*b + k + c = -k. Let w = b - 20. What is the remainder when 27 is divided by w?
3
What is the remainder when 493 is divided by 4/12 + -2 + (-4)/(-6) + 247?
1
Let b = -708 - -1307. Suppose -38 + b = 33*i. What is the remainder when 62 is divided by i?
11
Suppose 153 = 10*s + 43. Suppose -33 - 6 = -u + 2*h, -u = -3*h - 44. Calculate the remainder when u is divided by s.
7
Let m(r) = r**2 - 37*r - 1267. What is the remainder when m(60) is divided by 12?
5
Let n(v) = 2*v - 26. Let p be n(17). Suppose j + 3*m = p - 20, -5*m = -4*j + 3. What is the remainder when 94 is divided by 10 + 1 + 1/(j/9)?
6
Calculate the remainder when 6105 is divided by 14 + 5 - 176/(-8).
37
Let n(d) = 28*d + 766. Let u(v) = 11*v + 306. Let a(o) = -5*n(o) + 12*u(o). What is the remainder when 85 is divided by a(-22)?
13
Let u(s) = -8*s + 1 + 0*s**2 - 2*s**2 + s**2. Let p = 125 - 130. Calculate the remainder when u(p) is divided by 9.
7
Let z(v) = -v**3 + 6*v**2 + 32*v + 69. What is the remainder when z(-11) is divided by 21?
10
Suppose -3*z - 11 = -29. Calculate the remainder when 25 is divided by ((-51)/z)/(6 - 13/2).
8
Let w = 165 + -474. Let d = w + 351. Calculate the remainder when 46 is divided by d.
4
Suppose 2*q - 5*v + 1 + 7 = 0, -5*q + 2*v = -1. Suppose -b + 32 = -q. Calculate the remainder when 128 is divided by b.
29
Let a = 312 - 1212. Let b = a - -983. What is the remainder when b is divided by 10?
3
Let t(i) = -2*i**2 - i - 1. Let x be t(-1). Suppose -464*c + 462*c = 2*a - 6, 2*c + 4*a = 10. What is the remainder when 143 is divided by 3382/95 + c/((-5)/x)?
35
Let p be 0/((-1 - -2)/1). Suppose p = 5*h - 10 - 5. What is the remainder when ((-3)/(-4))/(-1 + (-18)/(-16)) is divided by h?
0
Suppose -755*g = -758*g + 2373. Suppose -4*k + j = -813 - 236, 3*k = 5*j + g. What is the remainder when k is divided by 38?
34
Suppose n + a - 125 = -30, 3*n - a = 273. Suppose -2*c - n = -146. Calculate the remainder when c is divided by 5.
2
Calculate the remainder when 2156 is divided by (1 - (-33)/12)/(72/384).
16
Let d = 87279 - 87097. Suppose 0 = -3*g - q - 4*q + 164, 0 = 2*g - 3*q - 122. Let s = 95 - g. What is the remainder when d is divided by s?
34
Suppose -2*l = -5*r + 55, 2*l + 0*l + 46 = 4*r. Suppose -14*t = 928 - 1292. What is the remainder when t is divided by r?
8
Suppose 31*m + 573 - 5603 = 4270. Calculate the remainder when 13797 is divided by m.
297
Let o(x) = -x**3 + 9*x**2 - 13*x + 2. Let j be o(6). Suppose -j*g + 84 = 3*s - 35*g, -2*s - 4*g = -56. Calculate the remainder when 195 is divided by s.
27
Let w(x) = 189*x - 8498. What is the remainder when w(46) is divided by 17?
9
Let o be (8/(-12))/(274/(-90) - -3). Suppose b - o = 100. Calculate the remainder when b is divided by 9.
7
Let j = 20758 + -19824. Calculate the remainder when j is divided by 256.
166
Calculate the remainder when 234 is divided by (-56)/160 - (-2)/(-8) - (-5988)/30.
35
Suppose -373 = 28*q - 41*q + 43. Calculate the remainder when 6813 is divided by q.
29
Suppose 4 = 5*s + o - 46, s - 4*o = -11. Suppose -3*g + s*g - 18 = 0. Let w = -14 - -22. Calculate the remainder when w is divided by g.
2
Let k = -257 - -204. Let h = k - -141. What is the remainder when h is divided by 27?
7
Let a be 4/3 + (12/(-9))/4. Let s be (-30 + 1)*-1 - a*-1. Calculate the remainder when 1594/s - (-6)/(-45) is divided by 18.
17
What is the remainder when (105/(-42))/((-60)/23016) is divided by 78?
23
Suppose -5180 = -5*j + 3*z, j + 2*z = 6*z + 1036. Calculate the remainder when j is divided by 149.
142
Let l(y) = 25*y + 119. Let s(f) = -8*f - 40. Let a(j) = 2*l(j) + 7*s(j). What is the remainder when 177 is divided by a(-12)?
27
Suppose k = 2*y + 103, -2*y = 2*k + 532 - 714. Calculate the remainder when 341 is divided by k.
56
Let j(f) = -6*f - 22. Suppose 2*a = -4*h - 8, -8 = -2*h - h - 5*a. Let w be j(h). Calculate the remainder when 141 is divided by w - (-1 + 2 - (26 + 2)).
25
Let n = 160203 + -160133. Let q = 159 - 39. Suppose 2*s + q = 7*s. What is the remainder when n is divided by s?
22
Let d = 266027 - 265970. Suppose 0 = -4*p + 610 + 294. What is the remainder when p is divided by d?
55
Suppose 111*v - 104*v = 0. Suppose c - a - 115 = 0, -c + 3*a + 134 - 25 = v. Calculate the remainder when c is divided by 15.
13
Suppose t = b - 3*t - 75, -2*b = -t - 136. Suppose -13*o - 3226 + 574 = 0. Calculate the remainder when b is divided by (o/(-272))/((-6)/(-184)).
21
Suppose 5*l - 21 = 64. Let s = 19 - l. Suppose -60 = -3*y + 3*n, s*y - 2*n = 4*y - 52. What is the remainder when 89 is divided by y?
20
Calculate the remainder when (-137970)/(-14) + 19 + 20 is divided by 202.
198
Suppose -5*q - 350 = -5*y, 0*y = 4*y - 3*q - 279. Let u = -8134 - -8145. What is the remainder when y is divided by u?
3
Let k be (-84)/(-21) + 1 + -9. Let h = 96 + k. Calculate the remainder when h is divided by 47.
45
Suppose -17 = -n - 3*j, -n + 1 = -2*n + 3*j. Suppose 105 = 13*c - n*c. Suppose 23*h - c*h = 10. Calculate the remainder when 18 is divided by h.
3
Suppose -26*f = 5064 - 39982. Calculate the remainder when f is divided by 24.
23
Let g = -125 + 157. Suppose -3*s + g = 2. Calculate the remainder when 69 is divided by s.
9
Suppose -480 = -10*a - 3*z, 43*z = -5*a + 39*z + 215. What is the remainder when -150*(-2 - 3/(-3)) is divided by a?
48
Let v(p) = -p**2 - 40*p - 96. What is the remainder when 79 is divided by v(-37)?
4
Suppose -5*h = 493 - 518. Suppose 2*a + 2*a = -4*l + 260, h*l + 325 = 5*a. Calculate the remainder when a is divided by 22.
21
Let a = 231 + -218. Suppose 2*i - 2*o = 3*i + 5, 2*i + 2*o + 14 = 0. Calculate the remainder when (6/i)/((-1)/48) is divided by a.
6
Suppose -27*s + 36*s - 2358 = 0. Calculate the remainder when 525 is divided by s.
1
What is the remainder when 1626 is divided by (35126/(-286))/(-7) + (-6)/11?
11
Suppose 103 = -3*v - 5*q + q, v - 4*q = -13. Let w = v + 37. Suppose 39 = 11*t - w*t. What is the remainder when 38 is divided by t?
12
Let x(t) = -t**3 - 27*t**2 + 30*t + 60. Let d be x(-28). What is the remainder when 18*(74/d)/1 is divided by 84?
81
Suppose -5*o + 195 = 2*y, 5*y + 0*o = 3*o + 472. Suppose 13*z + y = 14*z. Calculate the remainder when z is divided by 33.
29
What is the remainder when (-2)/16 + (1 - (-738947)/88) is divided by 20?
18
Let m = -167 - -168. Calculate the remainder when 38 is divided by m/4 - 552/(-96).
2
Let w(z) = 4*z**3 + 109*z**2 + 19*z + 25. What is the remainder when w(-27) is divided by 84?
73
Let d(t) = 219*t - 3236. What is the remainder when 806 is divided by d(15)?
22
Suppose -s + 25 = -4*i, 9 = 10*i - 13*i. Suppose k - s = -g, 2*k - 5*k = -3*g + 45. Calculate the remainder when 53 is divided by g.
11
Suppose 0 = -4*s + 5*o + 174, 0 = -0*s + 2*s + 2*o - 60. Calculate the remainder when 95 is divided by s.
23
Suppose 4*q + 256*y - 255*y - 152 = 0, 2*y = 5*q - 203. What is the remainder when 583 is divided by q?
37
Let v = 45 + -58. Let o(k) = k**2 + 13*k + 2. Let h be o(v). Let m(g) = g**2 + g - 1. Calculate the remainder when 29 is divided by m(h).
4
Let s = 21327 + -21322. Calculate the remainder when 28 is divided by s.
3
Suppose 0 = 4*q - j - 42, 10*q - 20*j - 108 = -18*j. Suppose -5*l = -17 - 3. Suppose l*v - 7 = 25. What is the remainder when q is divided by v?
4
Let v = -9783 + 10168. Calculate the remainder when v is divided by 84.
49
Let t(o) = 12*o + 22. Suppose 46*i + 6 = 47*i. Calculate the remainder when t(i) is divided by 46.
2
Let q = 4181 - 4036. What is the remainder when q is divided by 13?
2
Let h = -5